{"id":1448,"date":"2024-05-09T21:27:18","date_gmt":"2024-05-09T19:27:18","guid":{"rendered":"http:\/\/biodiversitatmoixinaparcnou.consorcisigma.org\/?page_id=1448"},"modified":"2026-04-01T12:00:20","modified_gmt":"2026-04-01T10:00:20","slug":"noticies-moixina-parc-nou","status":"publish","type":"page","link":"http:\/\/biodiversitatmoixinaparcnou.consorcisigma.org\/?page_id=1448","title":{"rendered":""},"content":{"rendered":"\n<h2 class=\"wp-block-heading\"><strong><strong><strong><strong>La roureda de Mas Tarut, m\u00e9s que un bosc<\/strong><\/strong><\/strong><\/strong><\/h2>\n\n\n\n<p>Resum del desenvolupament i dels resultats del projecte de millora ecol\u00f2gica de la roureda de roure p\u00e8nol de Mas Tarut que, per iniciativa de la Delegaci\u00f3 de la Garrotxa i el Ripoll\u00e8s de la Instituci\u00f3 Catalana d\u2019Hist\u00f2ria Natural, ha tingut lloc al llarg dels dos darrers anys.<\/p>\n\n\n\n<p>Gener de 2026. Not\u00edcies de la Instituci\u00f3. Circular de la Instituci\u00f3 Catalana d\u2019Hist\u00f2ria Natural, n\u00fam. 183, p. 5-6. <\/p>\n\n\n\n<p><a href=\"https:\/\/ichn.iec.cat\/wp-content\/uploads\/2026\/02\/N183_web-2.pdf\">https:\/\/ichn.iec.cat\/wp-content\/uploads\/2026\/02\/N183_web-2.pdf<\/a><\/p>\n\n\n\n<div style=\"height:20px\" aria-hidden=\"true\" class=\"wp-block-spacer\"><\/div>\n\n\n\n<hr class=\"wp-block-separator has-text-color has-css-opacity has-background is-style-wide\" style=\"background-color:#4aa580;color:#4aa580\"\/>\n\n\n\n<p><\/p>\n\n\n\n<h2 class=\"wp-block-heading\"><strong><strong>Les bulboses del Parc Nou<\/strong><\/strong><\/h2>\n\n\n\n<p>15 de mar\u00e7 de 2025.<\/p>\n\n\n<div class=\"wp-block-image\">\n<figure class=\"aligncenter size-large is-resized\"><img loading=\"lazy\" decoding=\"async\" width=\"1024\" height=\"768\" src=\"http:\/\/biodiversitatmoixinaparcnou.consorcisigma.org\/wp-content\/uploads\/2025\/04\/Retol_bulboses-2-1024x768.jpg\" alt=\"\" class=\"wp-image-1494\" style=\"width:512px;height:384px\" srcset=\"http:\/\/biodiversitatmoixinaparcnou.consorcisigma.org\/wp-content\/uploads\/2025\/04\/Retol_bulboses-2-1024x768.jpg 1024w, http:\/\/biodiversitatmoixinaparcnou.consorcisigma.org\/wp-content\/uploads\/2025\/04\/Retol_bulboses-2-300x225.jpg 300w, http:\/\/biodiversitatmoixinaparcnou.consorcisigma.org\/wp-content\/uploads\/2025\/04\/Retol_bulboses-2-768x576.jpg 768w, http:\/\/biodiversitatmoixinaparcnou.consorcisigma.org\/wp-content\/uploads\/2025\/04\/Retol_bulboses-2-1536x1152.jpg 1536w, http:\/\/biodiversitatmoixinaparcnou.consorcisigma.org\/wp-content\/uploads\/2025\/04\/Retol_bulboses-2-720x540.jpg 720w, http:\/\/biodiversitatmoixinaparcnou.consorcisigma.org\/wp-content\/uploads\/2025\/04\/Retol_bulboses-2.jpg 2040w\" sizes=\"auto, (max-width: 1024px) 100vw, 1024px\" \/><\/figure>\n<\/div>\n\n<div class=\"wp-block-image\">\n<figure class=\"aligncenter size-large is-resized\"><img loading=\"lazy\" decoding=\"async\" width=\"1024\" height=\"768\" src=\"http:\/\/biodiversitatmoixinaparcnou.consorcisigma.org\/wp-content\/uploads\/2025\/04\/Florida_bulboses-2-1024x768.jpg\" alt=\"\" class=\"wp-image-1492\" style=\"width:512px;height:384px\" srcset=\"http:\/\/biodiversitatmoixinaparcnou.consorcisigma.org\/wp-content\/uploads\/2025\/04\/Florida_bulboses-2-1024x768.jpg 1024w, http:\/\/biodiversitatmoixinaparcnou.consorcisigma.org\/wp-content\/uploads\/2025\/04\/Florida_bulboses-2-300x225.jpg 300w, http:\/\/biodiversitatmoixinaparcnou.consorcisigma.org\/wp-content\/uploads\/2025\/04\/Florida_bulboses-2-768x576.jpg 768w, http:\/\/biodiversitatmoixinaparcnou.consorcisigma.org\/wp-content\/uploads\/2025\/04\/Florida_bulboses-2-1536x1152.jpg 1536w, http:\/\/biodiversitatmoixinaparcnou.consorcisigma.org\/wp-content\/uploads\/2025\/04\/Florida_bulboses-2-720x540.jpg 720w, http:\/\/biodiversitatmoixinaparcnou.consorcisigma.org\/wp-content\/uploads\/2025\/04\/Florida_bulboses-2.jpg 1600w\" sizes=\"auto, (max-width: 1024px) 100vw, 1024px\" \/><\/figure>\n<\/div>\n\n\n<p>Els treballs de millora del Parc Nou van afectar un espai de gran inter\u00e8s per la pres\u00e8ncia d\u2019esp\u00e8cies de la flora protegides (especialment bulboses), cosa que va portar a traslladar a una nova ubicaci\u00f3 el parterre on es trobaven aquestes plantes.<\/p>\n\n\n\n<p>Enguany, a final d\u2019hivern, ja s\u2019ha pogut tornar a gaudir de la floraci\u00f3 d\u2019aquestes plantes bulboses en la seva nova ubicaci\u00f3.<\/p>\n\n\n\n<div style=\"height:20px\" aria-hidden=\"true\" class=\"wp-block-spacer\"><\/div>\n\n\n\n<hr class=\"wp-block-separator has-text-color has-css-opacity has-background is-style-wide\" style=\"background-color:#4aa580;color:#4aa580\"\/>\n\n\n\n<div style=\"height:20px\" aria-hidden=\"true\" class=\"wp-block-spacer\"><\/div>\n\n\n\n<h2 class=\"wp-block-heading\"><strong><strong><strong>Plantaci\u00f3 d\u2019uns 230 exemplars de peus de calta a la Moixina<\/strong><\/strong><\/strong><\/h2>\n\n\n\n<p>8 de novembre de 2024. Web de Parcs Naturals de Catalunya<\/p>\n\n\n<div class=\"wp-block-image\">\n<figure class=\"aligncenter size-large is-resized\"><img loading=\"lazy\" decoding=\"async\" width=\"500\" height=\"281\" src=\"http:\/\/biodiversitatmoixinaparcnou.consorcisigma.org\/wp-content\/uploads\/2025\/04\/20241108-2.jpg\" alt=\"\" class=\"wp-image-1491\" style=\"width:500px;height:281px\" srcset=\"http:\/\/biodiversitatmoixinaparcnou.consorcisigma.org\/wp-content\/uploads\/2025\/04\/20241108-2.jpg 500w, http:\/\/biodiversitatmoixinaparcnou.consorcisigma.org\/wp-content\/uploads\/2025\/04\/20241108-2-300x169.jpg 300w\" sizes=\"auto, (max-width: 500px) 100vw, 500px\" \/><\/figure>\n<\/div>\n\n<div class=\"wp-block-image\">\n<figure class=\"aligncenter size-large is-resized\"><img loading=\"lazy\" decoding=\"async\" width=\"1024\" height=\"768\" src=\"http:\/\/biodiversitatmoixinaparcnou.consorcisigma.org\/wp-content\/uploads\/2025\/04\/130952-Calta-2-1024x768.jpg\" alt=\"\" class=\"wp-image-1490\" style=\"width:512px;height:384px\" srcset=\"http:\/\/biodiversitatmoixinaparcnou.consorcisigma.org\/wp-content\/uploads\/2025\/04\/130952-Calta-2-1024x768.jpg 1024w, http:\/\/biodiversitatmoixinaparcnou.consorcisigma.org\/wp-content\/uploads\/2025\/04\/130952-Calta-2-300x225.jpg 300w, http:\/\/biodiversitatmoixinaparcnou.consorcisigma.org\/wp-content\/uploads\/2025\/04\/130952-Calta-2-768x576.jpg 768w, http:\/\/biodiversitatmoixinaparcnou.consorcisigma.org\/wp-content\/uploads\/2025\/04\/130952-Calta-2-1536x1152.jpg 1536w, http:\/\/biodiversitatmoixinaparcnou.consorcisigma.org\/wp-content\/uploads\/2025\/04\/130952-Calta-2-720x540.jpg 720w, http:\/\/biodiversitatmoixinaparcnou.consorcisigma.org\/wp-content\/uploads\/2025\/04\/130952-Calta-2.jpg 2048w\" sizes=\"auto, (max-width: 1024px) 100vw, 1024px\" \/><\/figure>\n<\/div>\n\n\n<div style=\"height:20px\" aria-hidden=\"true\" class=\"wp-block-spacer\"><\/div>\n\n\n\n<p>La calta <em>(Caltha palustris)<\/em> \u00e9s una planta aut\u00f2ctona que creix en zones humides, pantanoses o prop d\u2019\u00e0rees inundades. \u00c9s una esp\u00e8cie molt vulnerable, sobretot pel retroc\u00e9s que el seu h\u00e0bitat est\u00e0 experimentant a conseq\u00fc\u00e8ncia del canvi clim\u00e0tic i la sobre freq\u00fcentaci\u00f3 humana. Per aix\u00f2, t\u00e8cnics del Parc Natural de la Zona Volc\u00e0nica de la Garrotxa, amb l\u2019ajuda i la col\u00b7laboraci\u00f3 del personal del Viver Tres Turons i de l\u2019empresa Apr\u00e8n, Serveis Ambientals, han dut a terme la plantaci\u00f3 d\u2019uns 230 exemplars en zones amb h\u00e0bitat favorable dels paratges de la Moixina pr\u00e8viament seleccionades i valorades pels experts. <a href=\"https:\/\/parcsnaturals.gencat.cat\/ca\/detalls\/Noticia\/20241108-plantacio-caltha\">M\u00e9s informaci\u00f3<\/a>.<\/p>\n\n\n\n<div style=\"height:20px\" aria-hidden=\"true\" class=\"wp-block-spacer\"><\/div>\n\n\n\n<hr class=\"wp-block-separator has-text-color has-css-opacity has-background is-style-wide\" style=\"background-color:#4aa580;color:#4aa580\"\/>\n\n\n\n<div style=\"height:20px\" aria-hidden=\"true\" class=\"wp-block-spacer\"><\/div>\n\n\n\n<h2 class=\"wp-block-heading\"><strong><strong><strong><strong>Finalitzats els treballs de renovaci\u00f3 i millora de les instal\u00b7lacions entorn el Parc Nou<\/strong><\/strong><\/strong><\/strong><\/h2>\n\n\n\n<p>8 d\u2019agost de 2024. Web de l\u2019Ajuntament d\u2019Olot<\/p>\n\n\n<div class=\"wp-block-image\">\n<figure class=\"aligncenter size-large is-resized\"><img loading=\"lazy\" decoding=\"async\" width=\"1024\" height=\"683\" src=\"http:\/\/biodiversitatmoixinaparcnou.consorcisigma.org\/wp-content\/uploads\/2025\/04\/Obres_ParcNou-1-1024x683.jpg\" alt=\"\" class=\"wp-image-1488\" style=\"width:512px;height:342px\" srcset=\"http:\/\/biodiversitatmoixinaparcnou.consorcisigma.org\/wp-content\/uploads\/2025\/04\/Obres_ParcNou-1-1024x683.jpg 1024w, http:\/\/biodiversitatmoixinaparcnou.consorcisigma.org\/wp-content\/uploads\/2025\/04\/Obres_ParcNou-1-300x200.jpg 300w, http:\/\/biodiversitatmoixinaparcnou.consorcisigma.org\/wp-content\/uploads\/2025\/04\/Obres_ParcNou-1-768x512.jpg 768w, http:\/\/biodiversitatmoixinaparcnou.consorcisigma.org\/wp-content\/uploads\/2025\/04\/Obres_ParcNou-1-1536x1024.jpg 1536w, http:\/\/biodiversitatmoixinaparcnou.consorcisigma.org\/wp-content\/uploads\/2025\/04\/Obres_ParcNou-1-720x480.jpg 720w, http:\/\/biodiversitatmoixinaparcnou.consorcisigma.org\/wp-content\/uploads\/2025\/04\/Obres_ParcNou-1.jpg 1800w\" sizes=\"auto, (max-width: 1024px) 100vw, 1024px\" \/><\/figure>\n<\/div>\n\n\n<p>L\u2019actuaci\u00f3 duta a terme per l\u2019Ajuntament d\u2019Olot, s\u2019engloba en el Pla de Recuperaci\u00f3, Transformaci\u00f3 i Resili\u00e8ncia, finan\u00e7at per la Uni\u00f3 Europea &#8211; fons Next Generation EU i ha perm\u00e8s restaurar camins, el mobiliari, la porta principal d\u2019acc\u00e9s i actuar en l\u2019arbrat i vegetaci\u00f3 d\u2019aquest espai hist\u00f2ric i emblem\u00e0tic d\u2019Olot. <a href=\"https:\/\/www.olot.cat\/pl217\/ajuntament\/comunicacio\/actualitat\/id8457\/finalitzats-els-treballs-de-renovacio-i-millora-de-les-installacions-entorn-el-parc-nou.htm\">M\u00e9s informaci\u00f3<\/a>.<\/p>\n\n\n\n<div style=\"height:20px\" aria-hidden=\"true\" class=\"wp-block-spacer\"><\/div>\n\n\n\n<hr class=\"wp-block-separator has-text-color has-css-opacity has-background is-style-wide\" style=\"background-color:#4aa580;color:#4aa580\"\/>\n\n\n\n<div style=\"height:20px\" aria-hidden=\"true\" class=\"wp-block-spacer\"><\/div>\n\n\n\n<h2 class=\"wp-block-heading\"><strong><strong><strong><strong><strong>El parc natural de la Zona Volc\u00e0nica posa el focus a la Moixina: \u00abS\u2019ha de gestionar\u00bb<\/strong><\/strong><\/strong><\/strong><\/strong><\/h2>\n\n\n\n<p>18 de mar\u00e7 de 2024. Web de Naci\u00f3Garrotxa<\/p>\n\n\n\n<p>L\u2019ens considera que l\u2019espai ha patit deterioraments i pret\u00e9n dur-hi a terme diferents accions de conservaci\u00f3 i millora. <a href=\"https:\/\/naciodigital.cat\/garrotxa\/societat\/el-parc-natural-de-la-zona-volcanica-posa-el-focus-a-la-moixina-sha-de-gestionar_1852178_102.html\">M\u00e9s informaci\u00f3<\/a>.<\/p>\n\n\n\n<div style=\"height:20px\" aria-hidden=\"true\" class=\"wp-block-spacer\"><\/div>\n\n\n\n<hr class=\"wp-block-separator has-text-color has-css-opacity has-background is-style-wide\" style=\"background-color:#4aa580;color:#4aa580\"\/>\n\n\n\n<div style=\"height:20px\" aria-hidden=\"true\" class=\"wp-block-spacer\"><\/div>\n\n\n\n<h2 class=\"wp-block-heading\"><strong><strong><strong><strong><strong><strong>Netejaran les restes de l\u2019antiga b\u00f2bila de la Moixina<\/strong><\/strong><\/strong><\/strong><\/strong><\/strong><\/h2>\n\n\n\n<p>18 de mar\u00e7 de 2024. Web de Naci\u00f3Garrotxa<\/p>\n\n\n\n<p>Antigament havia estat un punt d\u2019abocaments i s\u2019hi destinaran m\u00e9s de 300.000 euros per convertir-ho en un prat. <a href=\"https:\/\/naciodigital.cat\/garrotxa\/societat\/netejaran-les-restes-de-lantiga-bobila-de-la-moixina_1852193_102.html\">M\u00e9s informaci\u00f3<\/a>.<\/p>\n\n\n\n<div style=\"height:1px\" aria-hidden=\"true\" class=\"wp-block-spacer\"><\/div>\n\n\n\n<hr class=\"wp-block-separator has-text-color has-css-opacity has-background is-style-wide\" style=\"background-color:#4aa580;color:#4aa580\"\/>\n\n\n\n<div style=\"height:20px\" aria-hidden=\"true\" class=\"wp-block-spacer\"><\/div>\n\n\n\n<h2 class=\"wp-block-heading\"><strong>Es presenten dos estudis del projecte Cat\u00e0leg de Biodiversitat dels Paratges de la Moixina i del Parc Nou<\/strong><\/h2>\n\n\n\n<p>21 de mar\u00e7 de 2024. Web de Parcs naturals de Catalunya<\/p>\n\n\n<div class=\"wp-block-image\">\n<figure class=\"aligncenter size-large is-resized\"><a href=\"https:\/\/parcsnaturals.gencat.cat\/ca\/detalls\/Noticia\/20240321-DiaInternacionaldelsBoscos-BIodiversitatMoixina\"><img loading=\"lazy\" decoding=\"async\" width=\"1024\" height=\"754\" src=\"http:\/\/biodiversitatmoixinaparcnou.consorcisigma.org\/wp-content\/uploads\/2024\/05\/Es-presenten-dos-estudis-1024x754.jpg\" alt=\"\" class=\"wp-image-1453\" style=\"width:512px;height:377px\" srcset=\"http:\/\/biodiversitatmoixinaparcnou.consorcisigma.org\/wp-content\/uploads\/2024\/05\/Es-presenten-dos-estudis-1024x754.jpg 1024w, http:\/\/biodiversitatmoixinaparcnou.consorcisigma.org\/wp-content\/uploads\/2024\/05\/Es-presenten-dos-estudis-300x221.jpg 300w, http:\/\/biodiversitatmoixinaparcnou.consorcisigma.org\/wp-content\/uploads\/2024\/05\/Es-presenten-dos-estudis-768x565.jpg 768w, http:\/\/biodiversitatmoixinaparcnou.consorcisigma.org\/wp-content\/uploads\/2024\/05\/Es-presenten-dos-estudis-720x530.jpg 720w, http:\/\/biodiversitatmoixinaparcnou.consorcisigma.org\/wp-content\/uploads\/2024\/05\/Es-presenten-dos-estudis.jpg 1084w\" sizes=\"auto, (max-width: 1024px) 100vw, 1024px\" \/><\/a><\/figure>\n<\/div>\n\n\n<p>El 21 de mar\u00e7, coincidint amb el dia internacional dels boscos, es van presentar els nous estudis sobre heter\u00f2cers (arnes o papallones nocturnes) i mol\u00b7luscs (cargols) dins el projecte de Cat\u00e0leg de biodiversitat dels paratges de la Moixina i del Parc Nou.<\/p>\n\n\n\n<p>Consulteu el text sencer de la not\u00edcia al <a href=\"https:\/\/parcsnaturals.gencat.cat\/ca\/detalls\/Noticia\/20240321-DiaInternacionaldelsBoscos-BIodiversitatMoixina\">web de Parcs naturals de Catalunya.<\/a><\/p>\n\n\n\n<div style=\"height:20px\" aria-hidden=\"true\" class=\"wp-block-spacer\"><\/div>\n\n\n\n<hr class=\"wp-block-separator has-text-color has-css-opacity has-background is-style-wide\" style=\"background-color:#4aa580;color:#4aa580\"\/>\n\n\n\n<div style=\"height:20px\" aria-hidden=\"true\" class=\"wp-block-spacer\"><\/div>\n\n\n\n<h2 class=\"wp-block-heading\"><strong><strong>Olot adquireix 4 noves parcel\u00b7les dels aiguamoixos de la Moixina per garantir la preservaci\u00f3<\/strong><\/strong><\/h2>\n\n\n\n<p>23 de novembre de 2023. Ajuntament d\u2019Olot<\/p>\n\n\n\n<p>El Ple de l\u2019Ajuntament d\u2019Olot d\u2019aquest novembre ha aprovat l\u2019adquisici\u00f3 de 4 finques del sector de la Moixina. Es tracta d\u2019una extensi\u00f3 total de 14.550 m<sup>2<\/sup> situats en els paratges de la Moixina, entre la carretera de la Moixina, el prat de la Salut, Can Fumarola i el Mas Masdavall. La compra dels terrenys &#8211; amb un import de 29.100 \u20ac &#8211; permetr\u00e0 connectar aquests terrenys amb els que ja s\u00f3n propietat municipal. &nbsp;&nbsp;<\/p>\n\n\n\n<p>La primera adquisici\u00f3 de terrenys en els paratges de la Moixina data de 1988. Van ser 6.000 m<sup>2<\/sup> aproximadament que es va cedir, el seu \u00fas, a la Junta de Protecci\u00f3 de la Zona Volc\u00e0nica de la Garrotxa per iniciar la recuperaci\u00f3 dels Aiguamoixos. Amb la compra -aprovada per unanimitat en el ple d\u2019aquest dijous- l\u2019Ajuntament d\u2019Olot establir\u00e0 un nou acord amb el Parc Natural que permeti continuar amb la gesti\u00f3 d\u2019aquest espai, que tamb\u00e9 compta amb terrenys propietat de la Generalitat de Catalunya.<\/p>\n\n\n\n<p>Llegiu la not\u00edcia sencera al <a href=\"https:\/\/www.olot.cat\/ca\/pl217\/ajuntament\/comunicacio\/actualitat\/id8068\/ple-municipal-novembre.htm\"><u>web de l\u2019Ajuntament d\u2019Olot<\/u>.<\/a><\/p>\n\n\n\n<p>Consulteu l\u2019acta de la sessi\u00f3<br><a href=\"https:\/\/vimeo.com\/887766352?share=copy\"><strong>Acta de la sessi\u00f3<\/strong><\/a><\/p>\n\n\n<div class=\"wp-block-image\">\n<figure class=\"aligncenter size-large is-resized\"><img loading=\"lazy\" decoding=\"async\" width=\"1024\" height=\"683\" src=\"http:\/\/biodiversitatmoixinaparcnou.consorcisigma.org\/wp-content\/uploads\/2024\/05\/Unknown-1024x683.jpeg\" alt=\"\" class=\"wp-image-1462\" style=\"width:768px;height:512px\" srcset=\"http:\/\/biodiversitatmoixinaparcnou.consorcisigma.org\/wp-content\/uploads\/2024\/05\/Unknown-1024x683.jpeg 1024w, http:\/\/biodiversitatmoixinaparcnou.consorcisigma.org\/wp-content\/uploads\/2024\/05\/Unknown-300x200.jpeg 300w, http:\/\/biodiversitatmoixinaparcnou.consorcisigma.org\/wp-content\/uploads\/2024\/05\/Unknown-768x512.jpeg 768w, http:\/\/biodiversitatmoixinaparcnou.consorcisigma.org\/wp-content\/uploads\/2024\/05\/Unknown-1536x1024.jpeg 1536w, http:\/\/biodiversitatmoixinaparcnou.consorcisigma.org\/wp-content\/uploads\/2024\/05\/Unknown-720x480.jpeg 720w, http:\/\/biodiversitatmoixinaparcnou.consorcisigma.org\/wp-content\/uploads\/2024\/05\/Unknown.jpeg 1800w\" sizes=\"auto, (max-width: 1024px) 100vw, 1024px\" \/><\/figure>\n<\/div>\n\n\n<div style=\"height:23px\" aria-hidden=\"true\" class=\"wp-block-spacer\"><\/div>\n\n\n\n<hr class=\"wp-block-separator has-text-color has-css-opacity has-background aligncenter is-style-wide\" style=\"background-color:#4aa580;color:#4aa580\"\/>\n\n\n\n<div style=\"height:20px\" aria-hidden=\"true\" class=\"wp-block-spacer\"><\/div>\n\n\n\n<h2 class=\"wp-block-heading\"><strong>El ple Municipal de l\u2019Ajuntament d\u2019Olot aprova una moci\u00f3 per la recuperaci\u00f3 dels aiguamolls de la Moixina<\/strong><\/h2>\n\n\n\n<p>En la sessi\u00f3 ordin\u00e0ria del 30 de mar\u00e7 de 2023 del Ple Municipal de l&#8217;Ajuntament d&#8217;Olot es va aprovar per unanimitat de la moci\u00f3 per la recuperaci\u00f3 dels aiguamolls de la Moixina, la qual inclo\u00efa les propostes seg\u00fcents:<\/p>\n\n\n\n<ol class=\"wp-block-list has-very-light-gray-to-cyan-bluish-gray-gradient-background has-background\">\n<li>La restauraci\u00f3 i ampliaci\u00f3 dels aiguamolls, pel cam\u00ed de la Deu Vella i en direcci\u00f3 nord-est de la zona dels Estanys d\u2019en Broc i de la Font de la Deu Grossa, a les zones m\u00e9s deprimides conformades per s\u00f2ls argilosos poc permeables.<\/li>\n\n\n\n<li>Instar al Parc Natural de la Zona Volc\u00e0nica que promogui la declaraci\u00f3 de Reserva Natural Parcial als h\u00e0bitats d\u2019aiguamolls actuals i els que vagin essent restaurats, amb la posterior incorporaci\u00f3 a l\u2019inventari de zones humides de Catalunya i a l\u2019Inventario Nacional de Zonas H\u00famedas.<\/li>\n\n\n\n<li>Fomentar la restauraci\u00f3 d\u2019h\u00e0bitats i la recuperaci\u00f3 de les esp\u00e8cies de flora i fauna aut\u00f2ctones i pr\u00f2pies dels aiguamolls d\u2019aquest paratge, tenint en compte les reeixides experi\u00e8ncies realitzades a la Deu Vella, el Pla de Jord\u00e0 i Camp d\u2019en Broc per tal d\u2019afavorir la successi\u00f3 ecol\u00f2gica natural de les esp\u00e8cies.<\/li>\n\n\n\n<li>Recuperar i catalogar els antics camins perduts no motoritzats, prioritzant el que connectava els Prats de la Mandra amb la Moixina, passant pel Mol\u00ed de les Fonts, per tal de facilitar les interconnexions a peu i la mobilitat saludable en un espai planer lim\u00edtrof amb el nucli urb\u00e0 d\u2019Olot.<\/li>\n<\/ol>\n\n\n\n<p class=\"has-text-align-center\">Consulteu l\u2019acta de la sessi\u00f3  <\/p>\n\n\n\n<div class=\"wp-block-buttons is-content-justification-center is-layout-flex wp-container-core-buttons-is-layout-16018d1d wp-block-buttons-is-layout-flex\">\n<div class=\"wp-block-button is-style-outline is-style-outline--1\"><a class=\"wp-block-button__link has-cyan-bluish-gray-color has-text-color wp-element-button\" href=\"https:\/\/www.olot.cat\/pl317\/sessions-municipals\/ple-municipal\/\">Acta Sessi\u00f3<\/a><\/div>\n<\/div>\n\n\n<div class=\"wp-block-image is-style-default\">\n<figure class=\"aligncenter size-full\"><img loading=\"lazy\" decoding=\"async\" width=\"2560\" height=\"1707\" src=\"http:\/\/biodiversitatmoixinaparcnou.consorcisigma.org\/wp-content\/uploads\/2023\/05\/200934-La-Moixina-scaled.jpg\" alt=\"\" class=\"wp-image-1296\" srcset=\"http:\/\/biodiversitatmoixinaparcnou.consorcisigma.org\/wp-content\/uploads\/2023\/05\/200934-La-Moixina-scaled.jpg 2560w, http:\/\/biodiversitatmoixinaparcnou.consorcisigma.org\/wp-content\/uploads\/2023\/05\/200934-La-Moixina-300x200.jpg 300w, http:\/\/biodiversitatmoixinaparcnou.consorcisigma.org\/wp-content\/uploads\/2023\/05\/200934-La-Moixina-1024x683.jpg 1024w, http:\/\/biodiversitatmoixinaparcnou.consorcisigma.org\/wp-content\/uploads\/2023\/05\/200934-La-Moixina-768x512.jpg 768w, http:\/\/biodiversitatmoixinaparcnou.consorcisigma.org\/wp-content\/uploads\/2023\/05\/200934-La-Moixina-1536x1024.jpg 1536w, http:\/\/biodiversitatmoixinaparcnou.consorcisigma.org\/wp-content\/uploads\/2023\/05\/200934-La-Moixina-2048x1365.jpg 2048w, http:\/\/biodiversitatmoixinaparcnou.consorcisigma.org\/wp-content\/uploads\/2023\/05\/200934-La-Moixina-720x480.jpg 720w\" sizes=\"auto, (max-width: 2560px) 100vw, 2560px\" \/><\/figure>\n<\/div>","protected":false},"excerpt":{"rendered":"<p>La roureda de Mas Tarut, m\u00e9s que un bosc Resum del desenvolupament i dels resultats del projecte de millora ecol\u00f2gica [&hellip;]<\/p>\n","protected":false},"author":1,"featured_media":0,"parent":0,"menu_order":0,"comment_status":"closed","ping_status":"closed","template":"page-templates\/template_fullwidth.php","meta":{"footnotes":""},"class_list":["post-1448","page","type-page","status-publish","hentry"],"_links":{"self":[{"href":"http:\/\/biodiversitatmoixinaparcnou.consorcisigma.org\/index.php?rest_route=\/wp\/v2\/pages\/1448","targetHints":{"allow":["GET"]}}],"collection":[{"href":"http:\/\/biodiversitatmoixinaparcnou.consorcisigma.org\/index.php?rest_route=\/wp\/v2\/pages"}],"about":[{"href":"http:\/\/biodiversitatmoixinaparcnou.consorcisigma.org\/index.php?rest_route=\/wp\/v2\/types\/page"}],"author":[{"embeddable":true,"href":"http:\/\/biodiversitatmoixinaparcnou.consorcisigma.org\/index.php?rest_route=\/wp\/v2\/users\/1"}],"replies":[{"embeddable":true,"href":"http:\/\/biodiversitatmoixinaparcnou.consorcisigma.org\/index.php?rest_route=%2Fwp%2Fv2%2Fcomments&post=1448"}],"version-history":[{"count":19,"href":"http:\/\/biodiversitatmoixinaparcnou.consorcisigma.org\/index.php?rest_route=\/wp\/v2\/pages\/1448\/revisions"}],"predecessor-version":[{"id":1532,"href":"http:\/\/biodiversitatmoixinaparcnou.consorcisigma.org\/index.php?rest_route=\/wp\/v2\/pages\/1448\/revisions\/1532"}],"wp:attachment":[{"href":"http:\/\/biodiversitatmoixinaparcnou.consorcisigma.org\/index.php?rest_route=%2Fwp%2Fv2%2Fmedia&parent=1448"}],"curies":[{"name":"wp","href":"https:\/\/api.w.org\/{rel}","templated":true}]}}